nd 186.
6
What is the greatest common factor of 21 and 903?
21
What is the highest common factor of 4 and 86?
2
Calculate the greatest common factor of 3791 and 1784.
223
What is the highest common divisor of 20 and 56660?
20
Calculate the highest common divisor of 192 and 4672.
64
What is the highest common divisor of 49 and 147?
49
Calculate the greatest common divisor of 1393 and 15721.
199
What is the greatest common factor of 169 and 52?
13
Calculate the highest common factor of 252 and 2604.
84
Calculate the greatest common divisor of 2225 and 10.
5
What is the highest common factor of 62 and 992?
62
What is the greatest common factor of 372 and 48?
12
What is the highest common factor of 220 and 180?
20
Calculate the greatest common factor of 32 and 128.
32
What is the greatest common divisor of 91926 and 18?
18
Calculate the greatest common divisor of 1086 and 5611.
181
What is the highest common divisor of 40 and 1480?
40
What is the greatest common factor of 2 and 200?
2
What is the highest common factor of 128 and 548?
4
What is the highest common factor of 60 and 2280?
60
What is the greatest common factor of 16 and 216?
8
What is the greatest common factor of 216 and 192?
24
Calculate the greatest common factor of 112 and 2674.
14
What is the highest common factor of 36 and 36?
36
Calculate the highest common divisor of 1824 and 2508.
228
Calculate the highest common factor of 20 and 4.
4
What is the greatest common divisor of 112 and 432?
16
What is the greatest common factor of 4445 and 25?
5
Calculate the highest common divisor of 34 and 17.
17
Calculate the highest common factor of 12 and 14226.
6
Calculate the highest common divisor of 9972 and 84.
12
What is the highest common divisor of 574 and 41?
41
What is the greatest common factor of 95 and 988?
19
What is the greatest common divisor of 384 and 12?
12
What is the greatest common divisor of 55 and 275?
55
Calculate the greatest common divisor of 52 and 650.
26
Calculate the highest common factor of 502 and 8.
2
Calculate the highest common factor of 318 and 6.
6
Calculate the highest common factor of 25 and 5975.
25
What is the greatest common factor of 1364 and 31?
31
Calculate the highest common factor of 221 and 1001.
13
What is the highest common factor of 315 and 126?
63
Calculate the greatest common factor of 33 and 3.
3
Calculate the greatest common divisor of 2254 and 784.
98
What is the greatest common factor of 118 and 944?
118
Calculate the highest common divisor of 16 and 40.
8
What is the highest common divisor of 289 and 272?
17
Calculate the greatest common factor of 189 and 7.
7
Calculate the highest common factor of 22 and 1166.
22
What is the highest common divisor of 84 and 49?
7
What is the highest common factor of 96 and 72?
24
Calculate the highest common factor of 367 and 77070.
367
What is the highest common factor of 16 and 28?
4
Calculate the highest common factor of 12 and 1188.
12
What is the highest common factor of 222 and 185?
37
Calculate the greatest common divisor of 20 and 635.
5
What is the greatest common divisor of 41 and 1927?
41
What is the highest common factor of 190 and 1254?
38
What is the greatest common factor of 17 and 13872?
17
Calculate the greatest common factor of 345 and 9085.
115
What is the greatest common divisor of 1313 and 26?
13
Calculate the greatest common factor of 4140 and 108.
36
What is the greatest common factor of 18 and 186?
6
Calculate the greatest common divisor of 4032 and 792.
72
Calculate the greatest common divisor of 36 and 96.
12
Calculate the greatest common divisor of 165 and 3285.
15
What is the highest common factor of 16 and 976?
16
Calculate the greatest common factor of 9 and 1989.
9
What is the greatest common factor of 2739 and 132?
33
Calculate the greatest common factor of 54 and 36.
18
What is the greatest common divisor of 1729 and 728?
91
Calculate the greatest common divisor of 104 and 78.
26
What is the greatest common factor of 1235 and 380?
95
Calculate the greatest common factor of 3124 and 88.
44
Calculate the greatest common factor of 66 and 4.
2
What is the greatest common divisor of 68 and 680?
68
Calculate the highest common divisor of 61683 and 58.
29
Calculate the greatest common factor of 968 and 176.
88
What is the highest common divisor of 66 and 2904?
66
What is the highest common divisor of 50 and 25?
25
Calculate the greatest common factor of 1472 and 288.
32
Calculate the highest common divisor of 136 and 128.
8
What is the highest common divisor of 132 and 6996?
132
Calculate the greatest common divisor of 70 and 3150.
70
What is the greatest common divisor of 19402 and 178?
178
Calculate the highest common factor of 196 and 77.
7
Calculate the highest common divisor of 752 and 1328.
16
Calculate the greatest common factor of 165 and 3685.
55
What is the highest common factor of 896 and 192?
64
What is the highest common factor of 72 and 168?
24
Calculate the greatest common factor of 24881 and 139.
139
What is the highest common factor of 1975 and 553?
79
What is the greatest common divisor of 146 and 73?
73
What is the greatest common factor of 323 and 34?
17
Calculate the greatest common factor of 26 and 6058.
26
Calculate the greatest common factor of 600 and 8.
8
Calculate the highest common divisor of 1261 and 143.
13
Calculate the highest common divisor of 1262 and 8.
2
Calculate the greatest common divisor of 1521 and 13.
13
What is the highest common factor of 40 and 110120?
40
What is the greatest common divisor of 1739 and 37?
37
What is the greatest common divisor of 23 and 161?
23
Calculate the greatest common factor of 100 and 608.
4
Calculate the highest common divisor of 1488 and 1392.
48
Calculate the highest common factor of 242 and 12056.
22
Calculate the greatest common divisor of 756 and 552.
12
What is the highest common factor of 361 and 8?
1
Calculate the highest common divisor of 8029 and 434.
217
What is the greatest common factor of 108 and 24?
12
Calculate the highest common divisor of 14 and 161.
7
Calculate the highest common divisor of 23 and 14513.
23
Calculate the greatest common factor of 47 and 1269.
47
Calculate the greatest common divisor of 800 and 1675.
25
What is the highest common factor of 1946 and 98?
14
Calculate the greatest common factor of 104 and 169.
13
Calculate the highest common divisor of 3692 and 355.
71
Calculate the greatest common factor of 73 and 14.
1
What is the greatest common divisor of 1449 and 63?
63
Calculate the highest common factor of 1703 and 13.
13
Calculate the greatest common divisor of 385 and 440.
55
Calculate the highest common factor of 680 and 595.
85
Calculate the greatest common factor of 1356 and 3.
3
What is the greatest common divisor of 10 and 430?
10
What is the highest common factor of 94 and 18706?
94
What is the highest common factor of 920 and 345?
115
Calculate the greatest common factor of 510 and 1105.
85
Calculate the highest common factor of 20 and 28.
4
What is the highest common divisor of 560 and 490?
70
What is the highest common factor of 25 and 75?
25
Calculate the highest common factor of 42 and 322.
14
What is the greatest common divisor of 1005 and 15?
15
What is the greatest common factor of 88 and 440?
88
What is the highest common factor of 24 and 60?
12
Calculate the greatest common divisor of 38 and 7087.
19
Calculate the greatest common divisor of 430 and 1763.
43
Calculate the highest common factor of 9713 and 33.
11
Calculate the greatest common divisor of 13 and 22971.
13
Calculate the highest common divisor of 1938 and 204.
102
Calculate the greatest common factor of 11532 and 12.
12
What is the highest common factor of 20 and 16?
4
Calculate the greatest common factor of 234 and 15132.
78
Calculate the highest common factor of 10849 and 76.
19
What is the greatest common factor of 196 and 868?
28
What is the greatest common divisor of 106 and 20829?
53
What is the highest common factor of 142 and 6958?
142
What is the greatest common factor of 138 and 30?
6
Calculate the greatest common divisor of 105 and 175.
35
Calculate the highest common factor of 784 and 48.
16
Calculate the highest common factor of 648 and 8.
8
Calculate the greatest common 